{"id":3,"date":"2022-12-21T14:57:48","date_gmt":"2022-12-21T14:57:48","guid":{"rendered":"http:\/\/www.parannapalautumista.fi\/?page_id=3"},"modified":"2023-01-29T13:48:57","modified_gmt":"2023-01-29T11:48:57","slug":"ekisteriseloste","status":"publish","type":"page","link":"http:\/\/www.parannapalautumista.fi\/index.php\/ekisteriseloste\/","title":{"rendered":"Tietosuoja- ja rekisteriseloste"},"content":{"rendered":"\n<p>Paranna palautumista s\u00e4hk\u00f6postilistan tietosuoja<\/p>\n\n\n\n<p>Rekisteriseloste on Henkil\u00f6tietolain (523\/1999) 10\u00a7 mukainen.&nbsp; Paranna palautumista s\u00e4hk\u00f6postilistalle kirjautuessa luovutetaan s\u00e4hk\u00f6postiosoite Tmi Maija Sutisen k\u00e4ytt\u00f6\u00f6n. K\u00e4yt\u00f6st\u00e4 vastaa Maija Sutinen, joka lupaa k\u00e4ytt\u00e4\u00e4 s\u00e4hk\u00f6postiosoitteita vain Paranna palautumista yhteis\u00f6lle hy\u00f6dyllisen tiedon jakamiseen.<\/p>\n\n\n\n<h2>Yksityisyys ja tietosuoja<\/h2>\n\n\n\n<p>Ymm\u00e4rr\u00e4mme, ett\u00e4 yksityisyys ja henkil\u00f6tietojesi turvallisuus ovat eritt\u00e4in t\u00e4rkeit\u00e4. T\u00e4ll\u00e4 sivulla m\u00e4\u00e4ritet\u00e4\u00e4n, mit\u00e4 teemme tiedoillesi ja mit\u00e4 teemme sen suojaamiseksi. Siin\u00e4 selitet\u00e4\u00e4n my\u00f6s, miss\u00e4 ja miten ker\u00e4\u00e4mme henkil\u00f6tietojasi, sek\u00e4 oikeutesi kaikkiin henkil\u00f6kohtaisiin tietoihin, joita pid\u00e4mme sinusta. \u00a0 Paranna palautumista haluaa panostaa asiakkaidensa hyv\u00e4\u00e4n asiakaskokemukseen, tarjota laadukasta informaatiota sek\u00e4 samanaikaisesti panostaa tietoturvaan. Arvostamme asiakkaidemme henkil\u00f6tietoja ja haluamme kaikin mahdollisin tavoin suojella asiakkaidemme yksityisyytt\u00e4. Haluamme tarjota asiakkaillemme mahdollisuuden vaikuttaa itse omien tietojensa tallentamiseen. \u00a0Asiakkaan on hyv\u00e4ksytt\u00e4v\u00e4 t\u00e4m\u00e4n tietosuojaselosteen ehdot, jotta h\u00e4n voi k\u00e4ytt\u00e4\u00e4 Paranna palautumista palveluita. Jos sinulla on kysytt\u00e4v\u00e4\u00e4 tietosuojak\u00e4yt\u00e4nn\u00f6ist\u00e4, ota yhteytt\u00e4 meihin k\u00e4ytt\u00e4m\u00e4ll\u00e4 verkkosivustolla olevaa yhteydenottolomaketta tai laittamalla s\u00e4hk\u00f6postia osoitteeseen maija \u00e4t parannapalautumista.fi. \u00a0Ker\u00e4\u00e4mme tietoja asiakkaiden itsens\u00e4 antamina, analytiikan kautta sek\u00e4 havainnoimalla.<\/p>\n\n\n\n<h2>Rekisterinpit\u00e4j\u00e4<\/h2>\n\n\n\n<p>Paranna palautumista \/ Tmi Maija Sutinen<br>Y-tunnus: 2271100-6<br>Raamikatu 18 a 55, 33400 Tampere<br>s\u00e4hk\u00f6posti: maija (\u00e4t) parannapalautumista.fi<\/p>\n\n\n\n<h2>Henkil\u00f6tietolain \u00a719 mukainen asiakasrekisteri<\/h2>\n\n\n\n<p>Paranna palautumista asiakasrekisteri koostuu yritykselt\u00e4 ostaneiden asiakkaiden yhteystiedoista. Paranna palautumista markkinointirekisteri koostuu sek\u00e4 asiakkaista ett\u00e4 mahdollisista, tulevista asiakkaista, jotka ovat nimenomaisesti halunneet luovuttaa nimi- ja s\u00e4hk\u00f6postiosoitteensa saadakseen Yritykselt\u00e4 Paranna palautumista s\u00e4hk\u00f6postilla markkinointi- ja muita viestej\u00e4 tilaamalla ne s\u00e4hk\u00f6postiinsa. N\u00e4it\u00e4 kahta kutsutaan yhteisnimell\u00e4 asiakasrekisteri. N\u00e4it\u00e4 tietoja kutsutaan t\u00e4ss\u00e4 tietosuojaselosteella yhteisesti asiakastiedoiksi ja henkil\u00f6tiedoiksi. Eli asiakastiedot saadaan s\u00e4\u00e4nn\u00f6nmukaisesti asiakkaalta itselt\u00e4\u00e4n asiakassuhteen syntyess\u00e4 tai asiakkaalta itselt\u00e4\u00e4n verkkolomakkeen kautta h\u00e4nen tilatessaan esimerkiksi yrityksen uutiskirjeen<\/p>\n\n\n\n<p>Henkil\u00f6tietojen k\u00e4sittely perustuu asiakkuuteen, sopimussuhteesen, rekister\u00f6idyn nimenomaiseen suostumukseen (esimerkiksi h\u00e4nen tilattuaan uutiskirjeen ja hyv\u00e4ksytty\u00e4\u00e4n tilauksen yhteydess\u00e4 tietojensa tallentamisen) tai muuhun oikeutettuun perusteeseen<\/p>\n\n\n\n<p>Henkil\u00f6tietoja voidaan k\u00e4sitell\u00e4 sopimusvelvoitteiden t\u00e4ytt\u00e4miseen ja palvelun toteuttamiseen sek\u00e4 muuhun yhteydenpitoon rekister\u00f6idyn kanssa, asiakaspalvelussa, markkinointiviestinn\u00e4ss\u00e4, liiketoiminnan suunnittelussa, tuotekehityksess\u00e4, uutiskirjeiden l\u00e4hett\u00e4misess\u00e4 ja tiedottamisessa, verkkosivuston k\u00e4ytt\u00e4j\u00e4kokemuksen parantamisessa, palveluita koskevaan personoituun asiakaspalveluun ja mainonnan kohdentamiseen sek\u00e4 markkina- ja muiden tutkimusten ja analyysien tekemiseen.<\/p>\n\n\n\n<p>Rekister\u00f6idyst\u00e4 voidaan tallentaa nimi ja tarpeelliset yhteystiedot kuten osoite, puhelinnumero ja s\u00e4hk\u00f6postiosoite, yrityksen nimi, asema organisaatiossa, tiedot asiakkaan tilaamista palveluista ja tuotteista sek\u00e4 niiden toimittamisesta ja laskuttamisesta, rekister\u00f6idyn tiedustelut, kommentit ja muut k\u00e4ytt\u00e4j\u00e4n reaktiot verkkopalveluissa, k\u00e4ytt\u00e4j\u00e4n l\u00e4hett\u00e4m\u00e4 aineisto (esimerkiksi valokuva), asiakaspalaute, luvat, suostumukset ja kiellot, k\u00e4ytt\u00e4j\u00e4n antamat profilointi- ja kiinnostustiedot, k\u00e4ytt\u00e4j\u00e4n luoma k\u00e4ytt\u00e4j\u00e4tunnus ja salasana. Mit\u00e4\u00e4n tarpeetonta tietoa ei ker\u00e4t\u00e4.<\/p>\n\n\n\n<h2>Arkaluontoiset tiedot<\/h2>\n\n\n\n<p>Henkil\u00f6kohtaisissa valmennuksissa valmentaja kirjaa s\u00e4hk\u00f6isesti itselleen p\u00e4\u00e4piirteitt\u00e4in yl\u00f6s, mit\u00e4 aiheita valmennuksissa k\u00e4sitell\u00e4\u00e4n ja mit\u00e4 ty\u00f6skentelymenetelmi\u00e4 k\u00e4ytet\u00e4\u00e4n. Kirjallisena olevat tapaamisten muistiinpanot s\u00e4ilytet\u00e4\u00e4n rekisterinpit\u00e4j\u00e4n kotona ja tuhotaan valmennussuhteen p\u00e4\u00e4ttymisen j\u00e4lkeen. S\u00e4hk\u00f6iset tiedot s\u00e4ilytet\u00e4\u00e4n salasanalla suojatussa rekisterinpit\u00e4j\u00e4n tietokoneessa. Hyvinvointisuunnistuksen internetsivut ovat SSL-suojatut. Tietoja ei luovuteta muille tahoille.<\/p>\n\n\n\n<p>Jokaisella rekisteriss\u00e4 olevalla henkil\u00f6ll\u00e4 on oikeus tarkastaa rekisteriin tallennetut tietonsa ja vaatia mahdollisen virheellisen tiedon korjaamista tai puutteellisen tiedon t\u00e4ydent\u00e4mist\u00e4. Mik\u00e4li henkil\u00f6 haluaa tarkastaa h\u00e4nest\u00e4 tallennetut tiedot tai vaatia niihin oikaisua, pyynt\u00f6 tulee l\u00e4hett\u00e4\u00e4 kirjallisesti rekisterinpit\u00e4j\u00e4lle.<\/p>\n\n\n\n<p>Teknisesti ker\u00e4tty\u00e4 tietoa verkkopalvelun k\u00e4yt\u00f6st\u00e4 voivat olla IP-osoite ja sijaintimaa tai -kaupunki, verkkopalvelujen k\u00e4ytt\u00f6 ja ajankohta (Esimerkiksi verkkokurssien k\u00e4ytt\u00f6tiedot, kuten esimerkiksi opiskeluajankohta), k\u00e4ytetyn laitteen tiedot, k\u00e4ytt\u00f6j\u00e4rjestelm\u00e4n tyyppi ja ohjelmistoversiot, selaimen tyyppi ja kieliasetukset, asiakaspalvelun vuorovaikutus eri palvelukanavissa sek\u00e4 ulkoiset sivustot, joista k\u00e4ytt\u00e4j\u00e4 on saapunut tai joihin k\u00e4ytt\u00e4j\u00e4 siirtyy rekisterinpit\u00e4j\u00e4n verkkopalvelusta. N\u00e4it\u00e4 tietoja k\u00e4ytet\u00e4\u00e4n yleisesti palvelun kehitt\u00e4miseen ja asiakaskokemuksen parantamiseen eik\u00e4 niit\u00e4 tavanomaisesti yhdistet\u00e4 yksitt\u00e4iseen k\u00e4ytt\u00e4j\u00e4\u00e4n. Rekisterinpit\u00e4j\u00e4 voi verkkosivustollaan ker\u00e4t\u00e4 palveluiden k\u00e4yt\u00f6st\u00e4 tietoa ev\u00e4steill\u00e4, Cookies.<\/p>\n\n\n\n<h2>Rekisterist\u00e4 poistuminen ja kolmannet osapuolet<\/h2>\n\n\n\n<p>S\u00e4hk\u00f6postilistalle liittynyt k\u00e4ytt\u00e4j\u00e4 voi milloin tahansa poistaa tietonsa markkinointirekisterist\u00e4 mink\u00e4 tahansa saamansa s\u00e4hk\u00f6postiviestin lopussa olevasta \u201cPoistu listalta\u201d -linkist\u00e4. K\u00e4ytt\u00e4j\u00e4 saattaa kuulua Paranna palautumista useammalle s\u00e4hk\u00f6postilistalle riippuen kiinnostuksensa kohteista ja halutessaan varmistaa kaiken yhteydenpidon loppumisen yhdell\u00e4 kerralla ja tietojen kertakaikkisen poiston markkinointirekistereist\u00e4, pyyd\u00e4mme olemaan yhteydess\u00e4 Paranna palautumista asiakasrekisteriin maija(\u00e4t)parannapalautumista.fi. P\u00e4\u00e4s\u00e4\u00e4nt\u00f6isesti s\u00e4hk\u00f6postiviestien lopussa oleva linkki poistaa tilaukset ja tiedot rekisterist\u00e4, mutta mik\u00e4li k\u00e4ytt\u00e4j\u00e4 haluaa viipym\u00e4tt\u00e4 varmistaa kaikkien tietojensa poistamisen, tulee h\u00e4nen olla yhteydess\u00e4 rekisterinpit\u00e4j\u00e4\u00e4n.<\/p>\n\n\n\n<p>Rekisteriin talletettavat tiedot saadaan rekister\u00f6idylt\u00e4 itselt\u00e4\u00e4n (kun h\u00e4n tilaa uutiskirjeen tai jonkin oppaan, harjoituksen tai muun ilmaisen lahjan, p\u00e4ivitt\u00e4\u00e4 omia tietojaan tai ostaa Paranna palautumista kurssikaupan kautta jonkin yrityksen tuotteen tai ryhtyy muuten sopimussuhteeseen Paranna palautumista kanssa), teknisesti rekister\u00f6idyn verkko- ja s\u00e4hk\u00f6isten palvelujen k\u00e4yt\u00f6st\u00e4, kolmansien tahojen tarjoamista analyysipalveluista kuten Google Analytics tai julkisista tietol\u00e4hteist\u00e4. Paranna palautumista kurssikaupan kautta tehtyjen ostojen maksuv\u00e4litt\u00e4j\u00e4n\u00e4 toimii Stripe ja verkkokaupassa Visma Pay. Asiakkaan verkkopankkimaksamisen tai luottokortin tiedot eiv\u00e4t tallennu yrityksen j\u00e4rjestelmiin vaan j\u00e4\u00e4v\u00e4t maksujenv\u00e4lityksest\u00e4 vastaavan yrityksen tietoihin.\u00a0<\/p>\n\n\n\n<h2>Henkil\u00f6tietojesi s\u00e4ilytt\u00e4minen ja luovuttaminen<\/h2>\n\n\n\n<p>Ostaneiden asiakkaiden tietoja s\u00e4ilytet\u00e4\u00e4n niin kauan kuin kuin se on lakis\u00e4\u00e4teisesti pakollista. Rekisterinpit\u00e4j\u00e4ll\u00e4 on velvollisuus s\u00e4ilytt\u00e4\u00e4 kirjanpitoaineisto Kirjanpitolaissa (luku 2, 10 \u00a7) m\u00e4\u00e4ritellyn ajan (10 vuotta) mukaisesti. T\u00e4m\u00e4n vuoksi kirjanpitoon liittyv\u00e4\u00e4 aineistoa ei voida poistaa ennen m\u00e4\u00e4r\u00e4ajan umpeutumista. Henkil\u00f6tietoja ei luovuteta ulkopuolisille tahoille markkinointi,- myynti-, mielipide- tai markkinatutkimustarkoituksiin.<\/p>\n\n\n\n<ul>\n<li>Luovuttaminen muihin tarkoituksiin on kuitenkin mahdollista perusteltua k\u00e4ytt\u00f6tarkoitusta varten kuten Suomen lakien mukaisesti viranomaisille niin pyydett\u00e4ess\u00e4. Henkil\u00f6tietoja ei s\u00e4\u00e4nn\u00f6nmukaisesti siirret\u00e4 EU:n tai ETA:n ulkopuolelle. Jos tietoja kuitenkin siirret\u00e4\u00e4n, huolehtii rekisterinpit\u00e4j\u00e4 henkil\u00f6tietojen suojan riitt\u00e4v\u00e4st\u00e4 tasosta muun muassa sopimalla henkil\u00f6tietojen luottamuksellisuudesta ja k\u00e4sittelyst\u00e4 lain edellytt\u00e4m\u00e4ll\u00e4 tavalla ja varmistamalla, ett\u00e4 kaikki yhteisty\u00f6kumppanit ovat sitoutuneet EU:n tietosuoja-asetuksen velvoitteisiin.<\/li>\n<\/ul>\n\n\n\n<p>S\u00e4hk\u00f6postilistalla olevien k\u00e4ytt\u00e4jien tietoja (etunimi, sukunimi ja s\u00e4hk\u00f6postiosoite) k\u00e4sitell\u00e4\u00e4n EU:n tai Euroopan talousalueen ulkopuolella olevien yritysten palvelussa Lempin viestint\u00e4palveluiden toteuttamiseksi (uutiskirjeiden l\u00e4hett\u00e4minen). Yritykset ovat ilmoittaneet noudattavansa EU:n tietosuoja-asetuksen m\u00e4\u00e4r\u00e4yksi\u00e4 (GDPR):<br><br>Mailchimp-s\u00e4hk\u00f6postimarkkinointipalvelu<br>Google Forms -kyselylomakkeet<br><br>Asiakkaita ja markkinointirekisteriss\u00e4 olevia saatetaan profiloida heid\u00e4n kiinnostuksen kohteidensa mukaisesti hyv\u00e4n maun ja lain sallimissa rajoissa. T\u00e4m\u00e4 tarkoittaa sit\u00e4, ett\u00e4 jos olet tilannut uutiskirjeen ja ostanut tuotteen A, saatamme kertoa sinulle my\u00f6s tuotteesta B.<br><br>Voimme k\u00e4ytt\u00e4\u00e4 asiakastietoja, k\u00e4ytt\u00e4j\u00e4tietoja, teknisi\u00e4 tietoja ja markkinointitietoja toimittamaan sinulle asiaankuuluvaa verkkosivuston sis\u00e4lt\u00f6\u00e4 ja mainoksia (mukaan lukien Facebook-ilmoitukset tai muut n\u00e4ytt\u00f6mainokset) ja mittaamaan tai ymm\u00e4rt\u00e4m\u00e4\u00e4n sinulle tarjoamamme mainonnan tehokkuutta. Laillinen perusta t\u00e4lle k\u00e4sittelylle ovat oikeutetut edut, jotka ovat liiketoimintamme kasvattaminen. Voimme k\u00e4ytt\u00e4\u00e4 n\u00e4it\u00e4 tietoja my\u00f6s muiden markkinointiviestint\u00f6jen l\u00e4hett\u00e4miseen sinulle. Laillinen peruste t\u00e4lle k\u00e4sittelylle on joko suostumus tai oikeutetut edut (nimitt\u00e4in liiketoimintamme kasvattaminen).<\/p>\n\n\n\n<h2>Asiakkaan oikeudet<\/h2>\n\n\n\n<p>Rekisterinpit\u00e4j\u00e4 ilmoittaa mahdollisista tietoturvaloukkauksista suoraan viranomaisille tai k\u00e4ytt\u00e4j\u00e4lle soveltuvan lains\u00e4\u00e4d\u00e4nn\u00f6n mukaisesti. Jokaisella on p\u00e4\u00e4s\u00e4\u00e4nt\u00f6isesti oikeus tarkastaa henkil\u00f6rekisteriin talletetut tietonsa. Tarkastuspyynn\u00f6t osoitetaan rekisterinpit\u00e4j\u00e4n yhteyshenkil\u00f6lle yll\u00e4 olevilla yhteystiedoilla ja rekister\u00f6idyn allekirjoituksella varustettuna kirjallisesti tai s\u00e4hk\u00f6isesti.<\/p>\n\n\n\n<p>Jokaisella on oikeus vaatia henkil\u00f6rekisteriss\u00e4 olevan virheellisen tiedon korjaamista tai tai vaatia tietojensa poistamista. Pyynt\u00f6 osoitetaan rekisterinpit\u00e4j\u00e4n yhteyshenkil\u00f6lle yll\u00e4 olevilla yhteystiedoilla ja rekister\u00f6idyn allekirjoituksella varustettuna kirjallisesti tai s\u00e4hk\u00f6isesti. Henkil\u00f6ll\u00e4 on oikeus tulla unohdetuksi eli h\u00e4nen tietonsa voidaan poistaa rekistereist\u00e4 siin\u00e4 laajuudessa kuin se muiden lakien osalta on mahdollista (Rekisterinpit\u00e4j\u00e4ll\u00e4 on velvollisuus s\u00e4ilytt\u00e4\u00e4 kirjanpitoaineisto Kirjanpitolaissa (luku 2, 10 \u00a7) m\u00e4\u00e4ritellyn ajan (10 vuotta) mukaisesti. T\u00e4m\u00e4n vuoksi kirjanpitoon liittyv\u00e4\u00e4 aineistoa ei voida poistaa ennen m\u00e4\u00e4r\u00e4ajan umpeutumista.<\/p>\n\n\n\n<p>Rekister\u00f6idyll\u00e4 on oikeus pyyt\u00e4\u00e4 tietonsa siirrett\u00e4v\u00e4ksi s\u00e4hk\u00f6isess\u00e4 muodossa toiselle palveluntarjoajalle. Rekister\u00f6idyll\u00e4 on oikeus peruuttaa henkil\u00f6tietojen k\u00e4sittelyyn antamansa suostumus. Rekister\u00f6idyll\u00e4 on oikeus kielt\u00e4\u00e4 tietojensa k\u00e4ytt\u00e4minen suoramainontaan, et\u00e4myynti\u00e4 ja muuta suoramarkkinointia sek\u00e4 markkina- ja mielipidetutkimusta varten.<\/p>\n\n\n\n<p>Rekister\u00f6idyn pyynt\u00f6, suostumuksen peruutus ja kielto osoitetaan rekisterinpit\u00e4j\u00e4n yhteyshenkil\u00f6lle yll\u00e4 olevilla yhteystiedoilla ja rekister\u00f6idyn allekirjoituksella varustettuna kirjallisesti tai s\u00e4hk\u00f6isesti.<\/p>\n\n\n\n<p>Rekisterinpit\u00e4j\u00e4 s\u00e4ilytt\u00e4\u00e4 muita rekister\u00f6ityj\u00e4 henkil\u00f6tietoja kulloinkin voimassaolevan lains\u00e4\u00e4d\u00e4nn\u00f6n mukaisesti ja vain niin kauan, kuin niiden s\u00e4ilytt\u00e4minen on tarpeen t\u00e4ss\u00e4 tietosuojaselosteessa kuvattujen tarkoitusten toteuttamiseksi.<\/p>\n\n\n\n<p>Tietoja voidaan s\u00e4ilytt\u00e4\u00e4 kirjanpito-, tai muusta pakottavasta lains\u00e4\u00e4d\u00e4nn\u00f6st\u00e4 johtuen kyseisen lain s\u00e4\u00e4nn\u00f6sten mukaisesti my\u00f6s asiakassuhteen tai muun henkil\u00f6tietojen k\u00e4sittelyperusteen p\u00e4\u00e4ttymisen j\u00e4lkeen.<\/p>\n\n\n\n<p>Verkkosivustolla vieraileva voi tyhjent\u00e4\u00e4 tai est\u00e4\u00e4 ev\u00e4steet ja muun seurannan selaimen tai laitteen asetuksista, mutta t\u00e4m\u00e4 voi heikent\u00e4\u00e4 k\u00e4ytt\u00e4j\u00e4kokemusta tai aiheuttaa toimintah\u00e4iri\u00f6it\u00e4 verkkosivuston k\u00e4yt\u00f6ss\u00e4. Ev\u00e4steiden tyhjent\u00e4minen ei lopeta kokonaan tiedon keruuta.<\/p>\n\n\n\n<h2>Lopuksi<\/h2>\n\n\n\n<p>Mik\u00e4\u00e4n tiedonsiirtomenetelm\u00e4 tai s\u00e4hk\u00f6inen tallennusmuoto ei ole sataprosenttisen turvalllinen eik\u00e4 inhimillisten virheiden poissulkeminen ole k\u00e4yt\u00e4nn\u00f6ss\u00e4 koskaan t\u00e4ysin mahdollista. Paranna palautumista tekee kaikkensa, jotta sen rekisterit olisivat turvassa. Mik\u00e4li jostain syyst\u00e4 kuitenkin tietoturvallisuutta loukataan, ilmoitetaan rikkomuksesta viipym\u00e4tt\u00e4 sek\u00e4 viranomaisille ett\u00e4 asianosaisille, jotta he voivat ryhty\u00e4 tarvittaviin toimenpiteisiin mm. vaihtamalla salasanansa. K\u00e4ytt\u00e4j\u00e4n on huolehdittava, ett\u00e4 h\u00e4nen itsens\u00e4 luoma salasana on riitt\u00e4v\u00e4n monimutkainen ja ett\u00e4 h\u00e4n vaihtaa salasanansa riitt\u00e4v\u00e4n usein. K\u00e4ytt\u00e4j\u00e4n my\u00f6s edellytet\u00e4\u00e4n k\u00e4ytt\u00e4v\u00e4n uniikkia k\u00e4ytt\u00e4j\u00e4tunnus- \/ salasanayhdistelm\u00e4\u00e4, jota h\u00e4n ei k\u00e4yt\u00e4 muissa palveluissa samanaikaisesti. K\u00e4ytt\u00e4j\u00e4n tulee varmistua oman toimintansa tietoturvallisuudesta. On yleisesti turvallista muistaa lukita tietokoneensa ja puhelimensa salasanalla, pit\u00e4\u00e4 laitteiden virustorjunnan ja palomuurit ajan tasalla ja huolehtia laitteistojensa j\u00e4rjestelm\u00e4p\u00e4ivityksist\u00e4.<\/p>\n","protected":false},"excerpt":{"rendered":"<p>Paranna palautumista s\u00e4hk\u00f6postilistan tietosuoja Rekisteriseloste on Henkil\u00f6tietolain (523\/1999) 10\u00a7 mukainen.&nbsp; Paranna palautumista s\u00e4hk\u00f6postilistalle kirjautuessa luovutetaan s\u00e4hk\u00f6postiosoite Tmi Maija Sutisen k\u00e4ytt\u00f6\u00f6n. K\u00e4yt\u00f6st\u00e4 vastaa Maija Sutinen, joka lupaa k\u00e4ytt\u00e4\u00e4 s\u00e4hk\u00f6postiosoitteita vain Paranna palautumista yhteis\u00f6lle hy\u00f6dyllisen tiedon jakamiseen. Yksityisyys ja tietosuoja Ymm\u00e4rr\u00e4mme, ett\u00e4 yksityisyys ja henkil\u00f6tietojesi turvallisuus ovat eritt\u00e4in t\u00e4rkeit\u00e4. T\u00e4ll\u00e4 sivulla m\u00e4\u00e4ritet\u00e4\u00e4n, mit\u00e4 teemme tiedoillesi ja mit\u00e4 &hellip;<\/p>\n<p class=\"read-more\"> <a class=\"\" href=\"http:\/\/www.parannapalautumista.fi\/index.php\/ekisteriseloste\/\"> <span class=\"screen-reader-text\">Tietosuoja- ja rekisteriseloste<\/span> Lue lis\u00e4\u00e4 &raquo;<\/a><\/p>\n","protected":false},"author":1,"featured_media":0,"parent":0,"menu_order":0,"comment_status":"closed","ping_status":"open","template":"","meta":{"site-sidebar-layout":"default","site-content-layout":"default","ast-global-header-display":"","ast-main-header-display":"","ast-hfb-above-header-display":"","ast-hfb-below-header-display":"","ast-hfb-mobile-header-display":"","site-post-title":"","ast-breadcrumbs-content":"","ast-featured-img":"","footer-sml-layout":"","theme-transparent-header-meta":"","adv-header-id-meta":"","stick-header-meta":"","header-above-stick-meta":"","header-main-stick-meta":"","header-below-stick-meta":""},"_links":{"self":[{"href":"http:\/\/www.parannapalautumista.fi\/index.php\/wp-json\/wp\/v2\/pages\/3"}],"collection":[{"href":"http:\/\/www.parannapalautumista.fi\/index.php\/wp-json\/wp\/v2\/pages"}],"about":[{"href":"http:\/\/www.parannapalautumista.fi\/index.php\/wp-json\/wp\/v2\/types\/page"}],"author":[{"embeddable":true,"href":"http:\/\/www.parannapalautumista.fi\/index.php\/wp-json\/wp\/v2\/users\/1"}],"replies":[{"embeddable":true,"href":"http:\/\/www.parannapalautumista.fi\/index.php\/wp-json\/wp\/v2\/comments?post=3"}],"version-history":[{"count":1,"href":"http:\/\/www.parannapalautumista.fi\/index.php\/wp-json\/wp\/v2\/pages\/3\/revisions"}],"predecessor-version":[{"id":412,"href":"http:\/\/www.parannapalautumista.fi\/index.php\/wp-json\/wp\/v2\/pages\/3\/revisions\/412"}],"wp:attachment":[{"href":"http:\/\/www.parannapalautumista.fi\/index.php\/wp-json\/wp\/v2\/media?parent=3"}],"curies":[{"name":"wp","href":"https:\/\/api.w.org\/{rel}","templated":true}]}}